4.
3
What is the highest common divisor of 32 and 248?
8
What is the greatest common divisor of 9469 and 119?
17
Calculate the highest common factor of 54 and 84.
6
What is the greatest common factor of 1804 and 205?
41
Calculate the greatest common factor of 208 and 78.
26
Calculate the greatest common divisor of 30 and 3210.
30
Calculate the greatest common factor of 44 and 506.
22
Calculate the greatest common divisor of 1027 and 533.
13
What is the highest common factor of 14340 and 45?
15
Calculate the greatest common factor of 9493 and 11.
11
What is the highest common divisor of 65 and 91?
13
What is the highest common divisor of 44 and 1474?
22
What is the highest common factor of 2610 and 725?
145
What is the greatest common factor of 66 and 726?
66
What is the highest common factor of 90 and 3470?
10
What is the greatest common divisor of 63 and 665?
7
Calculate the greatest common factor of 176 and 16.
16
Calculate the greatest common factor of 36 and 15930.
18
Calculate the greatest common factor of 25 and 2605.
5
What is the highest common factor of 40 and 810?
10
Calculate the highest common factor of 37 and 4699.
37
Calculate the greatest common factor of 4928 and 77.
77
Calculate the highest common divisor of 513 and 243.
27
Calculate the greatest common factor of 1660 and 2.
2
What is the highest common factor of 56 and 112?
56
What is the greatest common divisor of 6360 and 2?
2
What is the highest common divisor of 8911 and 133?
133
Calculate the greatest common divisor of 3766 and 126.
14
Calculate the greatest common factor of 162 and 174.
6
Calculate the highest common divisor of 3277 and 58.
29
Calculate the greatest common factor of 8376 and 3.
3
What is the greatest common factor of 62 and 13454?
62
What is the greatest common factor of 111 and 2294?
37
Calculate the greatest common factor of 18 and 558.
18
What is the greatest common divisor of 90 and 72?
18
What is the highest common factor of 106 and 1961?
53
Calculate the highest common divisor of 355 and 65.
5
Calculate the greatest common factor of 801 and 89.
89
What is the highest common factor of 24 and 9?
3
Calculate the highest common factor of 13 and 18863.
13
What is the greatest common factor of 11 and 11?
11
Calculate the greatest common factor of 3250 and 70.
10
Calculate the highest common factor of 874 and 5014.
46
What is the highest common divisor of 60 and 1290?
30
What is the greatest common divisor of 27 and 216?
27
Calculate the highest common factor of 6651 and 9.
9
Calculate the highest common divisor of 73325 and 175.
175
What is the greatest common factor of 95 and 4883?
19
What is the highest common divisor of 19 and 14269?
19
Calculate the greatest common factor of 11 and 1166.
11
What is the highest common divisor of 86 and 989?
43
What is the highest common divisor of 12 and 16140?
12
Calculate the highest common factor of 1763 and 82.
41
What is the highest common divisor of 1660 and 400?
20
What is the highest common divisor of 1428 and 84?
84
Calculate the greatest common divisor of 5 and 1465.
5
What is the greatest common factor of 82 and 43378?
82
Calculate the highest common divisor of 23 and 1288.
23
Calculate the highest common factor of 2401 and 98.
49
Calculate the greatest common factor of 5852 and 2772.
308
Calculate the greatest common factor of 97 and 4753.
97
Calculate the greatest common factor of 13448 and 8.
8
Calculate the highest common factor of 9 and 3240.
9
Calculate the greatest common divisor of 48 and 24.
24
What is the greatest common divisor of 1431 and 106?
53
What is the highest common divisor of 57 and 3116?
19
What is the greatest common divisor of 81 and 1?
1
What is the highest common factor of 145 and 232?
29
What is the highest common factor of 799 and 17?
17
What is the highest common factor of 14 and 32?
2
What is the greatest common divisor of 4350 and 3306?
174
What is the highest common factor of 21 and 2688?
21
What is the greatest common divisor of 81 and 10287?
81
What is the highest common divisor of 184 and 264?
8
Calculate the highest common factor of 228 and 204.
12
Calculate the greatest common factor of 425 and 17.
17
What is the greatest common divisor of 16 and 32288?
16
What is the greatest common divisor of 612 and 684?
36
What is the highest common divisor of 108 and 15687?
27
What is the highest common factor of 4823 and 265?
53
What is the highest common factor of 988 and 380?
76
Calculate the highest common divisor of 3497 and 130.
13
Calculate the greatest common divisor of 860 and 180.
20
Calculate the highest common factor of 96 and 1200.
48
Calculate the highest common divisor of 714 and 294.
42
What is the highest common divisor of 382 and 5921?
191
Calculate the highest common factor of 80 and 70.
10
What is the greatest common divisor of 250 and 150?
50
What is the greatest common divisor of 66 and 3333?
33
Calculate the highest common divisor of 160 and 1940.
20
What is the highest common factor of 50 and 870?
10
What is the highest common factor of 14 and 189?
7
Calculate the greatest common divisor of 1128 and 24.
24
Calculate the highest common factor of 65 and 182.
13
What is the highest common divisor of 885 and 413?
59
Calculate the greatest common factor of 216 and 162.
54
Calculate the highest common divisor of 469 and 67.
67
Calculate the highest common divisor of 65 and 55.
5
Calculate the highest common factor of 105 and 665.
35
What is the greatest common divisor of 14344 and 176?
88
What is the greatest common factor of 520 and 1144?
104
What is the greatest common factor of 27948 and 8?
4
Calculate the greatest common factor of 270 and 378.
54
What is the greatest common divisor of 63 and 1449?
63
What is the greatest common factor of 318 and 6?
6
What is the greatest common factor of 4 and 61?
1
Calculate the greatest common factor of 969 and 1581.
51
Calculate the highest common factor of 335 and 1072.
67
What is the highest common divisor of 6896 and 72?
8
What is the highest common divisor of 336 and 14?
14
Calculate the highest common factor of 3471 and 39.
39
Calculate the greatest common factor of 104 and 117.
13
What is the greatest common divisor of 10 and 36?
2
What is the greatest common factor of 36 and 78?
6
What is the highest common factor of 36 and 414?
18
Calculate the highest common factor of 690 and 5106.
138
Calculate the highest common factor of 530 and 10.
10
What is the greatest common divisor of 259 and 740?
37
What is the highest common factor of 4 and 2036?
4
Calculate the highest common factor of 525 and 42.
21
What is the highest common factor of 7 and 1057?
7
Calculate the highest common divisor of 77 and 44.
11
Calculate the greatest common factor of 415 and 5.
5
Calculate the greatest common factor of 15164 and 68.
68
Calculate the greatest common divisor of 109 and 1744.
109
Calculate the highest common divisor of 8295 and 70.
35
What is the highest common divisor of 13 and 26?
13
What is the highest common divisor of 852 and 12?
12
Calculate the greatest common factor of 15 and 1245.
15
Calculate the greatest common divisor of 116 and 87.
29
What is the highest common divisor of 273 and 336?
21
Calculate the greatest common divisor of 306 and 18.
18
What is the greatest common divisor of 61 and 61?
61
Calculate the highest common divisor of 102 and 1394.
34
What is the highest common factor of 954 and 18?
18
What is the greatest common divisor of 301 and 86?
43
Calculate the highest common divisor of 13 and 1482.
13
What is the greatest common factor of 10 and 670?
10
Calculate the greatest common factor of 141 and 4512.
141
What is the greatest common factor of 308 and 176?
44
Calculate the highest common divisor of 6254 and 236.
118
What is the greatest common factor of 3 and 2103?
3
What is the greatest common divisor of 10 and 1030?
10
Calculate the highest common factor of 70 and 126.
14
What is the highest common divisor of 2002 and 182?
182
What is the greatest common divisor of 2574 and 396?
198
Calculate the highest common divisor of 1066 and 246.
82
What is the greatest common factor of 64 and 1040?
16
What is the greatest common factor of 6 and 474?
6
What is the greatest common divisor of 1748 and 184?
92
Wha